{"id":5436,"date":"2023-04-20T14:58:58","date_gmt":"2023-04-20T14:58:58","guid":{"rendered":"https:\/\/www.proudlyportugal.pt\/?page_id=5436"},"modified":"2023-04-20T19:33:15","modified_gmt":"2023-04-20T19:33:15","slug":"sobre","status":"publish","type":"page","link":"https:\/\/proudlyportugal.pt\/pt-pt\/sobre\/","title":{"rendered":"Sobre o Proudly Portugal"},"content":{"rendered":"\n<p>O projeto Proudly Portugal foi lan\u00e7ado em 2019 com o objetivo de promover o pa\u00eds como destino LGBTI-friendly, partilhando as mais bonitas localiza\u00e7\u00f5es e refor\u00e7ando a import\u00e2ncia de um ambiente social inclusivo. Em 2023, estamos de volta &#8211; a mesma campanha, com uma pequena atualiza\u00e7\u00e3o. Al\u00e9m de partilharmos o que faz de Portugal um destino LGBTI-friendly, pretendemos tamb\u00e9m falar sobre o pa\u00eds enquanto destino ideal para investir, trabalhar, ou mesmo viver.<\/p>\n\n\n\n<div class=\"wp-block-kobu-custom-blocks-responsive-spacer responsive-spacer size-large\"><\/div>\n\n\n\n<div class=\"wp-block-kobu-custom-blocks-section-wrapper alignfull kobu-section has-background has-lightpink-background-color is-layout-constrained wp-block-section-wrapper-is-layout-constrained\">\n<div class=\"wp-block-kobu-custom-blocks-responsive-spacer responsive-spacer size-large\"><\/div>\n\n\n\n<div class=\"wp-block-kobu-custom-blocks-inner-content-img alignfull media-content-group child-item align-left valign-start img-first\"><div class=\"media-col\"><figure><img loading=\"lazy\" decoding=\"async\" width=\"1440\" height=\"956\" class=\"wp-image-5336\" src=\"https:\/\/www.proudlyportugal.pt\/files\/uploads\/2023\/04\/How-did-it-all-start.jpg\" alt=\"\" title=\"How did it all start\" sizes=\"auto, (min-width: 601px) 50vw, 100vw\" srcset=\"https:\/\/proudlyportugal.pt\/files\/uploads\/2023\/04\/How-did-it-all-start.jpg 1440w, https:\/\/proudlyportugal.pt\/files\/uploads\/2023\/04\/How-did-it-all-start-300x199.jpg 300w, https:\/\/proudlyportugal.pt\/files\/uploads\/2023\/04\/How-did-it-all-start-1024x680.jpg 1024w, https:\/\/proudlyportugal.pt\/files\/uploads\/2023\/04\/How-did-it-all-start-768x510.jpg 768w\" \/><\/figure><\/div><div class=\"content-col\"><div class=\"content-col-wrapper\">\n<h2 class=\"has-extra-large-font-size wp-block-heading\">Como \u00e9 que tudo come\u00e7ou?<\/h2>\n\n\n\n<p>Ao longo de duas d\u00e9cadas, Portugal foi desenvolvendo uma s\u00e9rie de iniciativas com o prop\u00f3sito de promover a visibilidade da comunidade LGBTI. Simultaneamente, mudan\u00e7as substanciais no enquadramento legal do pa\u00eds, de leis que protegem contra a discrimina\u00e7\u00e3o com base na orienta\u00e7\u00e3o sexual ao casamento entre pessoas do mesmo sexo, ou os direitos \u00e0 auto-discrimina\u00e7\u00e3o de g\u00e9nero de pessoas transg\u00e9nero.<\/p>\n\n\n\n<p>O culminar destes acontecimentos levou Portugal a ser mundialmente reconhecimento como um dos pa\u00edses mais seguros e inclusivos para a comunidade. Neste enquadramento, a Varia\u00e7\u00f5es \u2013 Associa\u00e7\u00e3o de Com\u00e9rcio e Turismo LGBTI de Portugal, com o apoio do Turismo de Portugal, desenvolveu em 2019 a primeira campanha de apresenta\u00e7\u00e3o de Portugal como um dos principais destinos de viagem LGBTI.<\/p>\n<\/div><\/div><\/div>\n\n\n\n<div class=\"wp-block-kobu-custom-blocks-responsive-spacer responsive-spacer size-large\"><\/div>\n\n\n\n<div class=\"wp-block-kobu-custom-blocks-inner-content-img alignfull media-content-group child-item align-right valign-start img-first\"><div class=\"media-col\"><figure><img decoding=\"async\" class=\"wp-image-5342\" src=\"https:\/\/www.proudlyportugal.pt\/files\/uploads\/2023\/04\/How-did-it-all-start-2.jpg\" alt=\"\" title=\"How did it all start 2\" sizes=\"(min-width: 601px) 50vw, 100vw\"\/><\/figure><\/div><div class=\"content-col\"><div class=\"content-col-wrapper\">\n<p>Enquanto que em 2019, a nossa miss\u00e3o com o \u201cPortugal. Travel to Feel\u201d se prendia apenas com a promo\u00e7\u00e3o de Portugal como um dos melhores destinos para a comunidade LGBTI viajar, este ano, queremos ir ainda mais longe e mostrar o quanto se pode fazer num pa\u00eds t\u00e3o belo quanto este. Em suma, existem v\u00e1rias oportunidades por explorar em Portugal e queremos mostrar-te como podes fazer parte da mudan\u00e7a!<\/p>\n\n\n\n<p>Com o regresso do Proudly Portugal, queremos continuar a apresentar-vos as mais belas maravilhas de Portugal, n\u00e3o s\u00f3 enquanto pa\u00eds aberto \u00e0 comunidade LGBTI, mas tamb\u00e9m como um local para explorar oportunidades de neg\u00f3cios e investimentos!<\/p>\n<\/div><\/div><\/div>\n\n\n\n<div class=\"wp-block-kobu-custom-blocks-responsive-spacer responsive-spacer size-xlarge\"><\/div>\n\n\n\n<h2 class=\"alignwide has-extra-large-font-size wp-block-heading\">Conhece a equipa<\/h2>\n\n\n\n<div class=\"wp-block-kobu-custom-blocks-responsive-spacer responsive-spacer size-large\"><\/div>\n\n\n\n<div class=\"wp-block-kobu-custom-blocks-inner-content-img alignwide media-content-group child-item align-left valign-start img-first\"><div class=\"media-col\"><figure><img loading=\"lazy\" decoding=\"async\" width=\"720\" height=\"900\" class=\"wp-image-5355\" src=\"https:\/\/www.proudlyportugal.pt\/files\/uploads\/2023\/04\/Diogo-Vieira-da-Silva.png\" alt=\"\" title=\"Diogo Vieira da Silva\" sizes=\"auto, (min-width: 1201px) 35vw, (min-width: 601px) 50vw, 100vw\" srcset=\"https:\/\/proudlyportugal.pt\/files\/uploads\/2023\/04\/Diogo-Vieira-da-Silva.png 720w, https:\/\/proudlyportugal.pt\/files\/uploads\/2023\/04\/Diogo-Vieira-da-Silva-240x300.png 240w\" \/><\/figure><\/div><div class=\"content-col\"><div class=\"content-col-wrapper\">\n<h3 class=\"has-larger-font-size wp-block-heading\">Diogo Vieira da Silva<\/h3>\n\n\n\n<p>Diogo Vieira da Silva \u00e9 co-fundador e presidente da Varia\u00e7\u00f5es desde 2018. Tornou-se ativista LGBTI desde muito jovem, tendo integrado v\u00e1rios projetos, entre os quais liderar Portugal na coordena\u00e7\u00e3o europeia do projeto It Gets Better de 2017 a 2018. Como analista de neg\u00f3cios apaixonado pelos temas de diversidade e inclus\u00e3o, \u00e9 curador da confer\u00eancia internacional da Funda\u00e7\u00e3o Culturgest sobre quest\u00f5es de Diversidade e Inclus\u00e3o. \u00c9 formado em Com\u00e9rcio Internacional, Gest\u00e3o Hoteleira, Marketing Digital, possui um MBA e est\u00e1 atualmente a finalizar o mestrado em Turismo LGBTI+ na Universidade de Barcelona.<\/p>\n\n\n\n<ul class=\"wp-block-social-links is-layout-flex wp-block-social-links-is-layout-flex\"><li class=\"wp-social-link wp-social-link-linkedin  wp-block-social-link\"><a href=\"https:\/\/www.linkedin.com\/in\/diogovieirasilva\/\" class=\"wp-block-social-link-anchor\"><svg width=\"24\" height=\"24\" viewBox=\"0 0 24 24\" version=\"1.1\" xmlns=\"http:\/\/www.w3.org\/2000\/svg\" aria-hidden=\"true\" focusable=\"false\"><path d=\"M19.7,3H4.3C3.582,3,3,3.582,3,4.3v15.4C3,20.418,3.582,21,4.3,21h15.4c0.718,0,1.3-0.582,1.3-1.3V4.3 C21,3.582,20.418,3,19.7,3z M8.339,18.338H5.667v-8.59h2.672V18.338z M7.004,8.574c-0.857,0-1.549-0.694-1.549-1.548 c0-0.855,0.691-1.548,1.549-1.548c0.854,0,1.547,0.694,1.547,1.548C8.551,7.881,7.858,8.574,7.004,8.574z M18.339,18.338h-2.669 v-4.177c0-0.996-0.017-2.278-1.387-2.278c-1.389,0-1.601,1.086-1.601,2.206v4.249h-2.667v-8.59h2.559v1.174h0.037 c0.356-0.675,1.227-1.387,2.526-1.387c2.703,0,3.203,1.779,3.203,4.092V18.338z\"><\/path><\/svg><span class=\"wp-block-social-link-label screen-reader-text\">LinkedIn<\/span><\/a><\/li><\/ul>\n<\/div><\/div><\/div>\n\n\n\n<div class=\"wp-block-kobu-custom-blocks-responsive-spacer responsive-spacer size-large\"><\/div>\n\n\n\n<div class=\"wp-block-kobu-custom-blocks-inner-content-img alignwide media-content-group child-item align-right valign-start img-first\"><div class=\"media-col\"><figure><img loading=\"lazy\" decoding=\"async\" width=\"720\" height=\"900\" class=\"wp-image-5359\" src=\"https:\/\/www.proudlyportugal.pt\/files\/uploads\/2023\/04\/Misha-Pinkhasov.png\" alt=\"\" title=\"Misha Pinkhasov\" sizes=\"auto, (min-width: 1201px) 35vw, (min-width: 601px) 50vw, 100vw\" srcset=\"https:\/\/proudlyportugal.pt\/files\/uploads\/2023\/04\/Misha-Pinkhasov.png 720w, https:\/\/proudlyportugal.pt\/files\/uploads\/2023\/04\/Misha-Pinkhasov-240x300.png 240w\" \/><\/figure><\/div><div class=\"content-col\"><div class=\"content-col-wrapper\">\n<h3 class=\"has-larger-font-size wp-block-heading\">Misha Pinkhasov<\/h3>\n\n\n\n<p>Misha Pinkhasov \u00e9 especialista em comunica\u00e7\u00e3o e responsabilidade social. Nascido em Moscovo e criado em Nova Iorque, onde trabalhou na \u00e1rea dos media, pol\u00edticas p\u00fablicas e rela\u00e7\u00f5es internacionais, e mais tarde em Paris durante 15 anos. Desde 2014, Misha vive em Lisboa, onde escreve e presta consultoria, al\u00e9m de ser professor na Nova School of Business and Economics.<\/p>\n\n\n\n<ul class=\"wp-block-social-links is-layout-flex wp-block-social-links-is-layout-flex\"><li class=\"wp-social-link wp-social-link-linkedin  wp-block-social-link\"><a href=\"https:\/\/www.linkedin.com\/in\/mishapinkhasov\/\" class=\"wp-block-social-link-anchor\"><svg width=\"24\" height=\"24\" viewBox=\"0 0 24 24\" version=\"1.1\" xmlns=\"http:\/\/www.w3.org\/2000\/svg\" aria-hidden=\"true\" focusable=\"false\"><path d=\"M19.7,3H4.3C3.582,3,3,3.582,3,4.3v15.4C3,20.418,3.582,21,4.3,21h15.4c0.718,0,1.3-0.582,1.3-1.3V4.3 C21,3.582,20.418,3,19.7,3z M8.339,18.338H5.667v-8.59h2.672V18.338z M7.004,8.574c-0.857,0-1.549-0.694-1.549-1.548 c0-0.855,0.691-1.548,1.549-1.548c0.854,0,1.547,0.694,1.547,1.548C8.551,7.881,7.858,8.574,7.004,8.574z M18.339,18.338h-2.669 v-4.177c0-0.996-0.017-2.278-1.387-2.278c-1.389,0-1.601,1.086-1.601,2.206v4.249h-2.667v-8.59h2.559v1.174h0.037 c0.356-0.675,1.227-1.387,2.526-1.387c2.703,0,3.203,1.779,3.203,4.092V18.338z\"><\/path><\/svg><span class=\"wp-block-social-link-label screen-reader-text\">LinkedIn<\/span><\/a><\/li><\/ul>\n<\/div><\/div><\/div>\n\n\n\n<div class=\"wp-block-kobu-custom-blocks-responsive-spacer responsive-spacer size-large\"><\/div>\n<\/div>\n\n\n\n<div class=\"wp-block-kobu-custom-blocks-section-wrapper alignfull kobu-section has-background has-lightestpink-background-color is-layout-constrained wp-block-section-wrapper-is-layout-constrained\">\n<div class=\"wp-block-kobu-custom-blocks-responsive-spacer responsive-spacer size-large\"><\/div>\n\n\n\n<div class=\"wp-block-kobu-custom-blocks-text-slider alignwide text-slider\">\n<div class=\"wp-block-kobu-custom-blocks-inner-content-text-only child-item text-only\"><div class=\"content-col\">\n<blockquote class=\"wp-block-quote is-layout-flow wp-block-quote-is-layout-flow\">\n<p>\u201cO Proudly Portugal surge como um farol de esperan\u00e7a e inclus\u00e3o, brilhando enquanto celebramos a diversidade da nossa comunidade LGBTI, ao mesmo tempo em que promovemos um ecossistema sustent\u00e1vel e solid\u00e1rio que sensibiliza a sociedade a contribuir para a prosperidade das nossas comunidades.\u201d<\/p>\n<cite>Diogo Vieira da Silva, Co-fundador e Presidente da Varia\u00e7\u00f5es<\/cite><\/blockquote>\n<\/div><\/div>\n\n\n\n<div class=\"wp-block-kobu-custom-blocks-inner-content-text-only child-item text-only\"><div class=\"content-col\">\n<blockquote class=\"wp-block-quote is-layout-flow wp-block-quote-is-layout-flow\">\n<p>\u201cO Proudly Portugal oferece um ciclo virtuoso: ao mesmo tempo em que destaca o ambiente acolhedor do pa\u00eds, nutre o empoderamento econ\u00f4mico LGBTI local, refor\u00e7ando o papel da nossa comunidade para o bem-estar nacional.\u201d<\/p>\n<cite>Misha Pinkhasov, Assessora de Comunica\u00e7\u00e3o Internacional<\/cite><\/blockquote>\n<\/div><\/div>\n<\/div>\n<\/div>\n","protected":false},"excerpt":{"rendered":"<p>O projeto Proudly Portugal foi lan\u00e7ado em 2019 com o objetivo de promover o pa\u00eds como destino LGBTI-friendly, partilhando as mais bonitas [&hellip;]<\/p>\n","protected":false},"author":1,"featured_media":5334,"parent":0,"menu_order":0,"comment_status":"closed","ping_status":"closed","template":"templates\/fullheight-top.php","meta":{"_acf_changed":false,"footnotes":""},"class_list":["post-5436","page","type-page","status-publish","has-post-thumbnail","hentry","page-entry"],"acf":[],"aioseo_notices":[],"_links":{"self":[{"href":"https:\/\/proudlyportugal.pt\/pt-pt\/wp-json\/wp\/v2\/pages\/5436","targetHints":{"allow":["GET"]}}],"collection":[{"href":"https:\/\/proudlyportugal.pt\/pt-pt\/wp-json\/wp\/v2\/pages"}],"about":[{"href":"https:\/\/proudlyportugal.pt\/pt-pt\/wp-json\/wp\/v2\/types\/page"}],"author":[{"embeddable":true,"href":"https:\/\/proudlyportugal.pt\/pt-pt\/wp-json\/wp\/v2\/users\/1"}],"replies":[{"embeddable":true,"href":"https:\/\/proudlyportugal.pt\/pt-pt\/wp-json\/wp\/v2\/comments?post=5436"}],"version-history":[{"count":5,"href":"https:\/\/proudlyportugal.pt\/pt-pt\/wp-json\/wp\/v2\/pages\/5436\/revisions"}],"predecessor-version":[{"id":5441,"href":"https:\/\/proudlyportugal.pt\/pt-pt\/wp-json\/wp\/v2\/pages\/5436\/revisions\/5441"}],"wp:featuredmedia":[{"embeddable":true,"href":"https:\/\/proudlyportugal.pt\/pt-pt\/wp-json\/wp\/v2\/media\/5334"}],"wp:attachment":[{"href":"https:\/\/proudlyportugal.pt\/pt-pt\/wp-json\/wp\/v2\/media?parent=5436"}],"curies":[{"name":"wp","href":"https:\/\/api.w.org\/{rel}","templated":true}]}}

<p>O projeto Proudly Portugal foi lançado em 2019 com o objetivo de promover o país como destino LGBTI-friendly, partilhando as mais bonitas localizações e reforçando a importância de um ambiente social inclusivo. Em 2023, estamos de volta &#8211; a mesma campanha, com uma pequena atualização. Além de partilharmos o que faz de Portugal um destino LGBTI-friendly, pretendemos também falar sobre o país enquanto destino ideal para investir, trabalhar, ou mesmo viver.</p>



<div class="wp-block-kobu-custom-blocks-responsive-spacer responsive-spacer size-large"></div>



<div class="wp-block-kobu-custom-blocks-section-wrapper alignfull kobu-section has-background has-lightpink-background-color is-layout-constrained wp-block-section-wrapper-is-layout-constrained">
<div class="wp-block-kobu-custom-blocks-responsive-spacer responsive-spacer size-large"></div>



<div class="wp-block-kobu-custom-blocks-inner-content-img alignfull media-content-group child-item align-left valign-start img-first"><div class="media-col"><figure><img loading="lazy" decoding="async" width="1440" height="956" class="wp-image-5336" src="https://www.proudlyportugal.pt/files/uploads/2023/04/How-did-it-all-start.jpg" alt="" title="How did it all start" sizes="auto, (min-width: 601px) 50vw, 100vw" srcset="https://proudlyportugal.pt/files/uploads/2023/04/How-did-it-all-start.jpg 1440w, https://proudlyportugal.pt/files/uploads/2023/04/How-did-it-all-start-300x199.jpg 300w, https://proudlyportugal.pt/files/uploads/2023/04/How-did-it-all-start-1024x680.jpg 1024w, https://proudlyportugal.pt/files/uploads/2023/04/How-did-it-all-start-768x510.jpg 768w" /></figure></div><div class="content-col"><div class="content-col-wrapper">
<h2 class="has-extra-large-font-size wp-block-heading">Como é que tudo começou?</h2>



<p>Ao longo de duas décadas, Portugal foi desenvolvendo uma série de iniciativas com o propósito de promover a visibilidade da comunidade LGBTI. Simultaneamente, mudanças substanciais no enquadramento legal do país, de leis que protegem contra a discriminação com base na orientação sexual ao casamento entre pessoas do mesmo sexo, ou os direitos à auto-discriminação de género de pessoas transgénero.</p>



<p>O culminar destes acontecimentos levou Portugal a ser mundialmente reconhecimento como um dos países mais seguros e inclusivos para a comunidade. Neste enquadramento, a Variações – Associação de Comércio e Turismo LGBTI de Portugal, com o apoio do Turismo de Portugal, desenvolveu em 2019 a primeira campanha de apresentação de Portugal como um dos principais destinos de viagem LGBTI.</p>
</div></div></div>



<div class="wp-block-kobu-custom-blocks-responsive-spacer responsive-spacer size-large"></div>



<div class="wp-block-kobu-custom-blocks-inner-content-img alignfull media-content-group child-item align-right valign-start img-first"><div class="media-col"><figure><img decoding="async" class="wp-image-5342" src="https://www.proudlyportugal.pt/files/uploads/2023/04/How-did-it-all-start-2.jpg" alt="" title="How did it all start 2" sizes="(min-width: 601px) 50vw, 100vw"/></figure></div><div class="content-col"><div class="content-col-wrapper">
<p>Enquanto que em 2019, a nossa missão com o “Portugal. Travel to Feel” se prendia apenas com a promoção de Portugal como um dos melhores destinos para a comunidade LGBTI viajar, este ano, queremos ir ainda mais longe e mostrar o quanto se pode fazer num país tão belo quanto este. Em suma, existem várias oportunidades por explorar em Portugal e queremos mostrar-te como podes fazer parte da mudança!</p>



<p>Com o regresso do Proudly Portugal, queremos continuar a apresentar-vos as mais belas maravilhas de Portugal, não só enquanto país aberto à comunidade LGBTI, mas também como um local para explorar oportunidades de negócios e investimentos!</p>
</div></div></div>



<div class="wp-block-kobu-custom-blocks-responsive-spacer responsive-spacer size-xlarge"></div>



<h2 class="alignwide has-extra-large-font-size wp-block-heading">Conhece a equipa</h2>



<div class="wp-block-kobu-custom-blocks-responsive-spacer responsive-spacer size-large"></div>



<div class="wp-block-kobu-custom-blocks-inner-content-img alignwide media-content-group child-item align-left valign-start img-first"><div class="media-col"><figure><img loading="lazy" decoding="async" width="720" height="900" class="wp-image-5355" src="https://www.proudlyportugal.pt/files/uploads/2023/04/Diogo-Vieira-da-Silva.png" alt="" title="Diogo Vieira da Silva" sizes="auto, (min-width: 1201px) 35vw, (min-width: 601px) 50vw, 100vw" srcset="https://proudlyportugal.pt/files/uploads/2023/04/Diogo-Vieira-da-Silva.png 720w, https://proudlyportugal.pt/files/uploads/2023/04/Diogo-Vieira-da-Silva-240x300.png 240w" /></figure></div><div class="content-col"><div class="content-col-wrapper">
<h3 class="has-larger-font-size wp-block-heading">Diogo Vieira da Silva</h3>



<p>Diogo Vieira da Silva é co-fundador e presidente da Variações desde 2018. Tornou-se ativista LGBTI desde muito jovem, tendo integrado vários projetos, entre os quais liderar Portugal na coordenação europeia do projeto It Gets Better de 2017 a 2018. Como analista de negócios apaixonado pelos temas de diversidade e inclusão, é curador da conferência internacional da Fundação Culturgest sobre questões de Diversidade e Inclusão. É formado em Comércio Internacional, Gestão Hoteleira, Marketing Digital, possui um MBA e está atualmente a finalizar o mestrado em Turismo LGBTI+ na Universidade de Barcelona.</p>



<ul class="wp-block-social-links is-layout-flex wp-block-social-links-is-layout-flex"><li class="wp-social-link wp-social-link-linkedin  wp-block-social-link"><a href="https://www.linkedin.com/in/diogovieirasilva/" class="wp-block-social-link-anchor"><svg width="24" height="24" viewBox="0 0 24 24" version="1.1" xmlns="http://www.w3.org/2000/svg" aria-hidden="true" focusable="false"><path d="M19.7,3H4.3C3.582,3,3,3.582,3,4.3v15.4C3,20.418,3.582,21,4.3,21h15.4c0.718,0,1.3-0.582,1.3-1.3V4.3 C21,3.582,20.418,3,19.7,3z M8.339,18.338H5.667v-8.59h2.672V18.338z M7.004,8.574c-0.857,0-1.549-0.694-1.549-1.548 c0-0.855,0.691-1.548,1.549-1.548c0.854,0,1.547,0.694,1.547,1.548C8.551,7.881,7.858,8.574,7.004,8.574z M18.339,18.338h-2.669 v-4.177c0-0.996-0.017-2.278-1.387-2.278c-1.389,0-1.601,1.086-1.601,2.206v4.249h-2.667v-8.59h2.559v1.174h0.037 c0.356-0.675,1.227-1.387,2.526-1.387c2.703,0,3.203,1.779,3.203,4.092V18.338z"></path></svg><span class="wp-block-social-link-label screen-reader-text">LinkedIn</span></a></li></ul>
</div></div></div>



<div class="wp-block-kobu-custom-blocks-responsive-spacer responsive-spacer size-large"></div>



<div class="wp-block-kobu-custom-blocks-inner-content-img alignwide media-content-group child-item align-right valign-start img-first"><div class="media-col"><figure><img loading="lazy" decoding="async" width="720" height="900" class="wp-image-5359" src="https://www.proudlyportugal.pt/files/uploads/2023/04/Misha-Pinkhasov.png" alt="" title="Misha Pinkhasov" sizes="auto, (min-width: 1201px) 35vw, (min-width: 601px) 50vw, 100vw" srcset="https://proudlyportugal.pt/files/uploads/2023/04/Misha-Pinkhasov.png 720w, https://proudlyportugal.pt/files/uploads/2023/04/Misha-Pinkhasov-240x300.png 240w" /></figure></div><div class="content-col"><div class="content-col-wrapper">
<h3 class="has-larger-font-size wp-block-heading">Misha Pinkhasov</h3>



<p>Misha Pinkhasov é especialista em comunicação e responsabilidade social. Nascido em Moscovo e criado em Nova Iorque, onde trabalhou na área dos media, políticas públicas e relações internacionais, e mais tarde em Paris durante 15 anos. Desde 2014, Misha vive em Lisboa, onde escreve e presta consultoria, além de ser professor na Nova School of Business and Economics.</p>



<ul class="wp-block-social-links is-layout-flex wp-block-social-links-is-layout-flex"><li class="wp-social-link wp-social-link-linkedin  wp-block-social-link"><a href="https://www.linkedin.com/in/mishapinkhasov/" class="wp-block-social-link-anchor"><svg width="24" height="24" viewBox="0 0 24 24" version="1.1" xmlns="http://www.w3.org/2000/svg" aria-hidden="true" focusable="false"><path d="M19.7,3H4.3C3.582,3,3,3.582,3,4.3v15.4C3,20.418,3.582,21,4.3,21h15.4c0.718,0,1.3-0.582,1.3-1.3V4.3 C21,3.582,20.418,3,19.7,3z M8.339,18.338H5.667v-8.59h2.672V18.338z M7.004,8.574c-0.857,0-1.549-0.694-1.549-1.548 c0-0.855,0.691-1.548,1.549-1.548c0.854,0,1.547,0.694,1.547,1.548C8.551,7.881,7.858,8.574,7.004,8.574z M18.339,18.338h-2.669 v-4.177c0-0.996-0.017-2.278-1.387-2.278c-1.389,0-1.601,1.086-1.601,2.206v4.249h-2.667v-8.59h2.559v1.174h0.037 c0.356-0.675,1.227-1.387,2.526-1.387c2.703,0,3.203,1.779,3.203,4.092V18.338z"></path></svg><span class="wp-block-social-link-label screen-reader-text">LinkedIn</span></a></li></ul>
</div></div></div>



<div class="wp-block-kobu-custom-blocks-responsive-spacer responsive-spacer size-large"></div>
</div>



<div class="wp-block-kobu-custom-blocks-section-wrapper alignfull kobu-section has-background has-lightestpink-background-color is-layout-constrained wp-block-section-wrapper-is-layout-constrained">
<div class="wp-block-kobu-custom-blocks-responsive-spacer responsive-spacer size-large"></div>



<div class="wp-block-kobu-custom-blocks-text-slider alignwide text-slider">
<div class="wp-block-kobu-custom-blocks-inner-content-text-only child-item text-only"><div class="content-col">
<blockquote class="wp-block-quote is-layout-flow wp-block-quote-is-layout-flow">
<p>“O Proudly Portugal surge como um farol de esperança e inclusão, brilhando enquanto celebramos a diversidade da nossa comunidade LGBTI, ao mesmo tempo em que promovemos um ecossistema sustentável e solidário que sensibiliza a sociedade a contribuir para a prosperidade das nossas comunidades.”</p>
<cite>Diogo Vieira da Silva, Co-fundador e Presidente da Variações</cite></blockquote>
</div></div>



<div class="wp-block-kobu-custom-blocks-inner-content-text-only child-item text-only"><div class="content-col">
<blockquote class="wp-block-quote is-layout-flow wp-block-quote-is-layout-flow">
<p>“O Proudly Portugal oferece um ciclo virtuoso: ao mesmo tempo em que destaca o ambiente acolhedor do país, nutre o empoderamento econômico LGBTI local, reforçando o papel da nossa comunidade para o bem-estar nacional.”</p>
<cite>Misha Pinkhasov, Assessora de Comunicação Internacional</cite></blockquote>
</div></div>
</div>
</div>

<p>O projeto Proudly Portugal foi lançado em 2019 com o objetivo de promover o país como destino LGBTI-friendly, partilhando as mais bonitas [&hellip;]</p>
